512. Calculate o(-21).
1
Let m(n) = 4*n**2 - 8*n + 1. Calculate m(-9).
397
Let x(j) = -j**3 - 89*j**2 - 84*j + 367. What is x(-88)?
15
Let f(q) = 101*q + 111. Determine f(-1).
10
Let f(u) = u**2 + 474*u + 1877. Calculate f(-4).
-3
Let s(d) = -396*d - 2313. Determine s(-6).
63
Let k(a) = 58*a**2 + 1723*a - 515. Calculate k(-30).
-5
Let v(f) = 35*f + 169. Determine v(-3).
64
Let k(j) = 125*j + 621. Calculate k(-5).
-4
Let j(x) = -188*x + 1504. Calculate j(8).
0
Let c(d) = d**3 - 52*d**2 - 225*d + 66. What is c(56)?
10
Let p(g) = -g**2 - 39*g - 341. Determine p(-26).
-3
Let f(y) = -23*y**2 - 59*y + 315. What is f(5)?
-555
Let g(z) = 68*z + 2584. Give g(-38).
0
Let m(a) = -a**2 - 18*a + 1052. What is m(-43)?
-23
Let r(j) = j**3 + 13*j**2 + 4*j + 247. What is r(-14)?
-5
Let n(w) = -w**2 - 479*w - 8307. Determine n(-18).
-9
Let w(z) = -z**3 + 4*z**2 + 18*z - 28. Calculate w(0).
-28
Let z(t) = -13*t**2 + 9*t + 20. Calculate z(-2).
-50
Let q(z) = -z**3 + 23*z**2 - 90*z - 29. Give q(17).
175
Let d(o) = o**3 - 10*o**2 + 14*o - 20. Determine d(7).
-69
Let m(g) = -138*g - 808. Determine m(-6).
20
Let o(r) = r**3 + 45*r**2 + 45*r + 170. Give o(-44).
126
Let w(d) = -277*d + 10524. Calculate w(38).
-2
Let n(i) = 392*i**3 + 14*i**2 - 7*i + 6. Determine n(1).
405
Let l(u) = -5*u**2 - 138*u - 8. Calculate l(-29).
-211
Let l(r) = -22*r - 2002. Calculate l(-70).
-462
Let l(y) = 837*y - 751. Calculate l(1).
86
Let p(k) = k**3 + 9*k**2 - 35*k + 1. What is p(-12)?
-11
Let f(i) = -i**3 + 21*i**2 + 339*i - 891. Calculate f(31).
8
Let q(v) = 2*v**3 + 54*v**2 + 16*v + 76. Give q(-27).
-356
Let g(f) = -2*f**3 + 3*f**2 + 31*f - 97. What is g(7)?
-419
Let k(f) = 12*f**2 - 464*f + 2234. What is k(33)?
-10
Let h(b) = 11*b**2 + 2*b - 9. Determine h(4).
175
Let c(s) = 1251*s + 65042. Determine c(-52).
-10
Let n(z) = 2*z**3 + 26*z**2 - 13*z - 124. Give n(-13).
45
Let o(w) = -w**3 + 24*w**2 - 46*w + 48. Give o(22).
4
Let p(q) = -9*q**3 - 2*q**2 + 3*q - 3. What is p(1)?
-11
Let d(s) = -4*s**3 + 74*s**2 + 121*s - 36. What is d(20)?
-16
Let h(r) = -2*r**3 - 133*r**2 + 342*r - 129. Determine h(-69).
78
Let t(p) = 18*p**3 - 43*p**2 - 34*p + 5. What is t(3)?
2
Let c(n) = 34*n - 217. Give c(7).
21
Let g(p) = 452*p + 518. What is g(-1)?
66
Let l(d) = 9*d**2 - 652*d + 1546. What is l(70)?
6
Let m(t) = t**2 - 2*t + 36. What is m(6)?
60
Let a(z) = 2*z**2 - 24*z + 82. What is a(3)?
28
Let y(v) = -3*v**2 + 31*v + 41. What is y(11)?
19
Let n(l) = l**3 + 83*l**2 - 7*l - 589. What is n(-83)?
-8
Let m(g) = g**3 + 78*g**2 + 956*g + 433. Determine m(-63).
-260
Let s(t) = t**3 - 24*t**2 - 23*t + 8. What is s(25)?
58
Let y(l) = -270*l - 9718. Calculate y(-36).
2
Let k(j) = -180*j - 1789. What is k(-10)?
11
Let i(n) = -n**2 + 21*n - 47. What is i(7)?
51
Let t(q) = -42*q**2 + 9*q + 36. Determine t(1).
3
Let k(a) = -a**2 - 39*a - 189. Give k(-6).
9
Let v(p) = -39*p + 547. Calculate v(14).
1
Let h(r) = r**2 - 1206*r + 47769. Calculate h(41).
4
Let m(r) = 11*r**2 - 340*r + 338. What is m(1)?
9
Let r(j) = -2*j**3 + 46*j**2 - 282*j - 2. Calculate r(12).
-218
Let o(v) = -v**3 + 41*v**2 - 62*v + 3. Calculate o(0).
3
Let x(b) = -2*b**2 + 69*b - 4. What is x(6)?
338
Let j(g) = -g**3 + 39*g**2 + 49*g + 10. Determine j(40).
370
Let o(i) = 71*i - 56. What is o(1)?
15
Let g(d) = -24*d**2 + 2025*d + 1273. Give g(85).
-2
Let b(p) = -p**2 + 30*p + 1983. What is b(62)?
-1
Let d(p) = 4*p**3 + 105*p**2 + 111*p + 2206. Calculate d(-26).
-4
Let b(m) = 284*m - 6233. What is b(22)?
15
Let j(f) = -f**3 - 12*f**2 - 6*f + 12. Determine j(-12).
84
Let o(u) = -u**3 + 10*u**2 + 23*u - 96. Determine o(12).
-108
Let n(x) = -x**3 + 13*x**2 + 12*x + 35. Determine n(14).
7
Let v(p) = -1412*p + 1396. Give v(1).
-16
Let t(p) = -433*p - 107380. Give t(-248).
4
Let l(z) = -571*z - 30249. What is l(-53)?
14
Let x(u) = 34*u + 388. Give x(-12).
-20
Let o(d) = d**2 - 68*d - 670. Give o(76).
-62
Let a(t) = -34*t + 320. Calculate a(8).
48
Let h(a) = -112*a + 87. Give h(1).
-25
Let g(y) = -7*y**2 + 178*y - 653. What is g(21)?
-2
Let c(x) = -52*x + 632. Give c(13).
-44
Let s(j) = j**3 + 15*j**2 - 201*j + 336. Calculate s(7).
7
Let h(g) = 4*g**2 + 4*g + 56. Determine h(-9).
344
Let j(d) = -d**3 - 155*d**2 + 393*d + 12405. What is j(-157)?
2
Let o(s) = -5*s**2 + 62*s - 456. Give o(9).
-303
Let s(p) = p**2 + 95*p - 1526. Determine s(14).
0
Let z(r) = r**3 - 16*r**2 + 122*r - 426. What is z(4)?
-130
Let b(t) = -6*t**2 - 28*t - 22. Calculate b(-11).
-440
Let r(j) = -43*j + 62. Calculate r(-4).
234
Let r(h) = -5*h**2 - 102*h - 513. Give r(-11).
4
Let v(n) = 1062*n + 10603. What is v(-10)?
-17
Let u(i) = i**3 - 39*i**2 + 32*i + 222. Calculate u(38).
-6
Let n(k) = -k**2 + 26*k + 7. Give n(27).
-20
Let u(v) = -v**2 - 13*v + 105. Give u(-22).
-93
Let n(k) = -3828*k + 11486. Give n(3).
2
Let z(g) = 9*g + 63. Calculate z(-6).
9
Let j(v) = -163*v + 461. What is j(3)?
-28
Let g(p) = -23*p + 103. Calculate g(4).
11
Let r(o) = o**2 + 63*o + 946. Calculate r(-24).
10
Let m(l) = -29*l + 116. Determine m(3).
29
Let n(t) = t**2 - 44*t + 401. What is n(13)?
-2
Let r(c) = -18*c**2 + 55*c + 2. Calculate r(6).
-316
Let i(s) = 78*s + 231. Give i(-3).
-3
Let q(u) = -5*u + 702. What is q(129)?
57
Let j(w) = -29*w + 214. Calculate j(7).
11
Let s(v) = v**2 - 22*v - 393. Calculate s(41).
386
Let v(b) = b**3 + 9*b**2 + b - 42. Determine v(-8).
14
Let s(j) = 242*j - 273. Determine s(1).
-31
Let s(u) = 9*u**2 + 54*u + 152. What is s(-3)?
71
Let v(n) = 4*n**2 - 3738*n - 11254. Determine v(-3).
-4
Let g(l) = -l**3 - 38*l**2 - 31*l - 27. Give g(-37).
-249
Let n(v) = -2*v**3 + 9*v**2 + 8*v - 5. Calculate n(5).
10
Let k(z) = -154*z + 2008. Calculate k(13).
6
Let n(x) = -1240*x - 16113. What is n(-13)?
7
Let h(q) = 89*q + 1166. Calculate h(-13).
9
Let c(u) = -4*u**2 - 9*u - 18. Determine c(-5).
-73
Let p(o) = -o**2 + 51*o - 237. What is p(9)?
141
Let x(i) = 296*i - 2367. What is x(8)?
1
Let o(k) = 40*k + 646. Determine o(-16).
6
Let v(o) = 2*o**2 - 29*o - 73. Calculate v(21).
200
Let q(u) = u**3 + 4*u**2 - 2*u + 7. Determine q(5).
222
Let i(b) = -b**3 - 5*b**2 + 23*b + 215. What is i(-8)?
223
Let x(l) = -2*l**2 - 13*l + 354. What is x(-17)?
-3
Let t(h) = -53*h + 2248. Give t(41).
75
Let k(l) = -l**3 - 2*l**2 + 6*l - 62. Give k(-5).
-17
Let w(k) = 4*k**3 + 3*k**2 - 10*k - 11. Give w(-1).
-2
Let w(u) = 2*u**2 - 51*u - 144. Give w(28).
-4
Let n(r) = -3*r**2 - 199*r + 147. What is n(-67)?
13
Let v(w) = -161*w + 4502. Calculate v(28).
-6
Let l(o) = 387*o + 114947. What is l(-297)?
8
Let p(w) = w**3 - 20*w**2 + 19*w + 124. Calculate p(19).
124
Let q(j) = 191*j + 17. What is q(0)?
17
Let l(z) = -58*z - 70. Determine l(-1).
-12
Let n(a) = 4*a + 26. Calculate n(-1).
22
Let s(h) = -h**2 - 71*h + 1406. Calculate s(-87).
14
Let y(z) = 19*z**2 - 218*z - 5. Calculate y(12).
115
Let w(n) = -n + 12. Give w(-7).
19
Let u(a) = -8400*a + 67201. Give u(8).
1
Let g(c) = -116*c + 2241. Determine g(18).
153
Let b(f) = -9*f**2 - 70*f - 28. Determine b(-7).
21
Let k(o) = o**2 - 1814*o + 9040. What is k(5)?
-5
Let x(q) = -189*q + 2984. Calculate x(15).
149
Let s(a) = -19*a**2 + 309*a + 221. Give s(17).
-17
Let d(l) = -3*l**2 + 73*l + 109. Calculate d(26).
-21
Let x(i) = i**3 + 15*i**2 - 2. What is x(-15)?
-2
Let x(n) = n**3 - 96*n**2 - 301*n + 401. What is x(99)?
5
Let k(z) = 2*z**2 + 24*z + 63. What is k(-16)?
191
Let m(c) = -2*c**2 - 75*c + 202. Determine m(-41).
-85
Let i(n) = -27*n - 895. Calculate i(-33).
-4
Let x(p) = -p**3 + 19*p**2 - 37*p - 12. What is x(17)?
-63
Let l(b) = -9*b + 294. Give l(44).
-102
Let w(o) = -7*o + 234. Calculate w(-13).
325
Let u(x) = -668*x + 25. Determine u(0).
25
Let x(t) = -3*t**2 - 16*t - 38. Determine x(-9).
-137
Let x(p) = -p**3 - 13*p**2 - 3*p - 3. What is x(-12)?
-111
Let g(a) = -2*a**2 - 79*a + 70. Calculate g(-41).
-53
Let a(v) = -v**2 + 28*v + 16. Give a(28).
16
Let p(f) = -5*f**3 - 50*f**2 - 21*f + 12. Determine p(-9).
-204
Let r(c) = -c**3 + 88*c**2 + 178*c + 189. Calculate r(90).
9
Let t(y) = -y**3 + 10*y**2 - 21*y + 13. What is t(8)?
-27
Let t(x) = 48*x - 1240. Give t(26).
8
Let s(r) = 43*r - 406. Give s(10).
24
Let j(o) = -3*o**3 - 43*o**2 - 2*o + 16. What is j(-14)?
-152
Let n(o) = 3*o**3 + o**2 - 29*o - 68. Determine n(-3).
-53
Let u(v) = -37*v**2 + 514*v 